or of 10 and 175?
5
Calculate the highest common factor of 193 and 386.
193
What is the highest common factor of 60299 and 17?
17
Calculate the greatest common divisor of 4191 and 33.
33
What is the highest common divisor of 332 and 4233?
83
Calculate the greatest common divisor of 1455 and 97.
97
What is the highest common factor of 231 and 825?
33
Calculate the highest common divisor of 2 and 18.
2
What is the highest common divisor of 3757 and 52?
13
Calculate the highest common divisor of 368 and 23.
23
Calculate the highest common factor of 387 and 9.
9
Calculate the highest common divisor of 238 and 3598.
14
What is the highest common factor of 37192 and 8?
8
What is the greatest common factor of 66 and 11022?
66
What is the greatest common factor of 23056 and 55?
11
Calculate the greatest common factor of 80 and 496.
16
Calculate the highest common divisor of 25 and 59350.
25
What is the highest common factor of 456 and 760?
152
What is the greatest common factor of 18 and 1179?
9
What is the greatest common divisor of 270 and 3870?
90
Calculate the highest common divisor of 1050 and 84.
42
What is the highest common divisor of 603 and 9849?
201
Calculate the highest common factor of 2499 and 867.
51
What is the highest common divisor of 9052 and 248?
124
Calculate the greatest common divisor of 749 and 28.
7
What is the highest common divisor of 72 and 5976?
72
What is the greatest common divisor of 1750 and 14?
14
What is the greatest common factor of 4606 and 441?
49
Calculate the highest common factor of 90 and 30.
30
Calculate the highest common factor of 629 and 17.
17
Calculate the highest common divisor of 100 and 340.
20
What is the highest common divisor of 425 and 34?
17
What is the highest common divisor of 1125 and 25?
25
Calculate the greatest common factor of 8510 and 3330.
370
Calculate the greatest common divisor of 93 and 6.
3
Calculate the highest common divisor of 1 and 283.
1
What is the greatest common factor of 2192 and 2?
2
What is the greatest common factor of 264 and 1776?
24
What is the greatest common factor of 4974 and 54?
6
What is the greatest common divisor of 49 and 119?
7
Calculate the highest common factor of 95 and 361.
19
Calculate the highest common divisor of 62 and 1147.
31
Calculate the greatest common factor of 6240 and 256.
32
What is the highest common divisor of 217 and 14384?
31
What is the highest common factor of 83 and 332?
83
Calculate the greatest common divisor of 1111 and 583.
11
Calculate the greatest common divisor of 2889 and 27.
27
Calculate the highest common divisor of 871 and 134.
67
What is the greatest common factor of 109 and 5?
1
Calculate the greatest common divisor of 9162 and 18.
18
Calculate the greatest common divisor of 693 and 147.
21
What is the greatest common divisor of 1248 and 3072?
96
Calculate the highest common divisor of 5 and 925.
5
What is the highest common factor of 54 and 2889?
27
What is the greatest common divisor of 11 and 9?
1
Calculate the greatest common factor of 73 and 2336.
73
What is the greatest common divisor of 196 and 868?
28
What is the highest common divisor of 252 and 3892?
28
What is the highest common divisor of 38 and 76?
38
Calculate the highest common divisor of 39 and 2067.
39
What is the highest common divisor of 1902 and 2?
2
Calculate the highest common divisor of 1335 and 15.
15
What is the greatest common factor of 3 and 279?
3
What is the highest common factor of 13 and 692?
1
What is the greatest common divisor of 252 and 150?
6
Calculate the highest common divisor of 4 and 542.
2
What is the highest common factor of 65 and 52?
13
What is the highest common divisor of 77 and 133?
7
What is the greatest common divisor of 6360 and 8?
8
What is the greatest common divisor of 12 and 556?
4
What is the greatest common factor of 693 and 396?
99
What is the greatest common factor of 2 and 22?
2
Calculate the highest common factor of 4018 and 246.
82
Calculate the greatest common factor of 117 and 9.
9
What is the greatest common divisor of 24 and 90?
6
Calculate the greatest common factor of 90 and 195.
15
What is the highest common divisor of 1676 and 4?
4
What is the greatest common factor of 4 and 7?
1
What is the highest common divisor of 1424 and 128?
16
Calculate the highest common divisor of 24 and 664.
8
Calculate the greatest common divisor of 56 and 392.
56
Calculate the greatest common divisor of 72 and 1926.
18
What is the highest common divisor of 275 and 11?
11
What is the highest common factor of 170 and 115?
5
Calculate the greatest common divisor of 490 and 70.
70
What is the greatest common factor of 910 and 442?
26
Calculate the highest common factor of 16 and 464.
16
What is the highest common factor of 69 and 230?
23
What is the highest common factor of 301 and 43?
43
What is the highest common factor of 111 and 11544?
111
What is the highest common divisor of 21 and 525?
21
Calculate the greatest common divisor of 280 and 5120.
40
What is the greatest common factor of 2130 and 45?
15
Calculate the highest common divisor of 1260 and 6804.
252
What is the highest common divisor of 36 and 4272?
12
What is the greatest common divisor of 247 and 10203?
19
What is the greatest common factor of 151 and 1?
1
What is the greatest common divisor of 168 and 5943?
21
What is the greatest common divisor of 62 and 1674?
62
What is the highest common divisor of 32 and 22?
2
Calculate the greatest common divisor of 3 and 2676.
3
What is the greatest common divisor of 783 and 29?
29
Calculate the greatest common factor of 3267 and 81.
27
Calculate the highest common factor of 11 and 55.
11
Calculate the greatest common factor of 64 and 256.
64
What is the greatest common divisor of 72 and 168?
24
Calculate the highest common factor of 207 and 184.
23
What is the highest common divisor of 77 and 7?
7
What is the highest common factor of 125 and 15?
5
What is the highest common divisor of 848 and 48?
16
What is the highest common factor of 70 and 18830?
70
What is the highest common divisor of 350 and 1610?
70
What is the highest common divisor of 32447 and 142?
71
What is the highest common divisor of 1558 and 164?
82
What is the greatest common divisor of 41553 and 57?
57
What is the greatest common divisor of 512 and 352?
32
Calculate the highest common divisor of 104 and 80.
8
What is the greatest common divisor of 2542 and 62?
62
Calculate the greatest common factor of 3248 and 112.
112
What is the highest common factor of 2 and 94?
2
What is the greatest common factor of 7 and 1309?
7
What is the highest common factor of 24 and 21?
3
Calculate the highest common divisor of 279 and 496.
31
Calculate the greatest common divisor of 5576 and 41.
41
What is the greatest common factor of 50 and 570?
10
Calculate the highest common divisor of 304 and 32.
16
What is the greatest common divisor of 800 and 352?
32
Calculate the greatest common divisor of 76 and 76.
76
Calculate the greatest common divisor of 23 and 4.
1
What is the highest common factor of 78 and 600?
6
What is the greatest common factor of 42 and 2583?
21
Calculate the greatest common factor of 98 and 224.
14
What is the greatest common factor of 160 and 60?
20
What is the highest common divisor of 210 and 105?
105
Calculate the greatest common factor of 22 and 7183.
11
What is the highest common divisor of 1725 and 552?
69
Calculate the highest common divisor of 12 and 6.
6
What is the highest common divisor of 608 and 836?
76
Calculate the greatest common factor of 72 and 45.
9
What is the highest common factor of 16 and 4?
4
What is the greatest common factor of 434 and 155?
31
What is the highest common divisor of 19 and 7?
1
What is the highest common divisor of 441 and 126?
63
Calculate the greatest common factor of 27 and 243.
27
What is the highest common factor of 426 and 6?
6
Calculate the highest common factor of 4 and 204.
4
Calculate the highest common factor of 4 and 12.
4
What is the highest common divisor of 18 and 246?
6
Calculate the highest common divisor of 64 and 24.
8
Calculate the greatest common factor of 511 and 1460.
73
Calculate the greatest common divisor of 3596 and 124.
124
Calculate the highest common divisor of 234 and 2158.
26